e
Does 234 divide 16637634?
True
Is 698 a factor of 9537127?
False
Is 342280728 a multiple of 27?
True
Is 217471312 a multiple of 26?
False
Is 48482000 a multiple of 20?
True
Does 1080 divide 616377600?
True
Is 32 a factor of 59840096?
True
Does 24 divide 55824096?
True
Is 106 a factor of 42150728?
False
Does 2718 divide 315729148?
False
Is 2773 a factor of 66435534?
True
Does 123 divide 5973864?
True
Is 26 a factor of 7238111?
False
Is 73 a factor of 75692313?
True
Is 5 a factor of 152835777?
False
Does 162 divide 1860158682?
True
Is 38818520 a multiple of 760?
True
Is 2078 a factor of 2649420908?
True
Is 3421646 a multiple of 271?
True
Is 9 a factor of 1724049?
True
Does 23 divide 111823677?
True
Is 21 a factor of 1282825992?
True
Is 11 a factor of 196897425?
False
Is 1978 a factor of 41680416?
True
Does 3094 divide 4568862607?
False
Is 34 a factor of 3495394062?
False
Is 9 a factor of 71280567?
True
Is 518 a factor of 9496614?
False
Does 1111 divide 9002433?
True
Is 35559180 a multiple of 180?
True
Does 456 divide 2960808?
True
Is 17 a factor of 12047424?
True
Is 571407596 a multiple of 6?
False
Is 2511356316 a multiple of 1918?
True
Is 14002133 a multiple of 10?
False
Is 769 a factor of 6196393521?
False
Is 33169504 a multiple of 928?
True
Is 448649767 a multiple of 9?
False
Is 152 a factor of 669550010?
False
Does 327 divide 67407780?
True
Is 2331821208 a multiple of 5224?
True
Is 38194063 a multiple of 755?
False
Is 7089128 a multiple of 3?
False
Is 329489220 a multiple of 6?
True
Is 1637690 a multiple of 10?
True
Is 127 a factor of 1602483880?
False
Does 390 divide 26132065?
False
Is 139485650 a multiple of 19?
True
Is 3735 a factor of 30399807?
False
Does 10 divide 168243130?
True
Does 10 divide 274701710?
True
Is 201279250 a multiple of 82?
True
Is 6339 a factor of 661513160?
False
Is 172032620 a multiple of 19?
False
Is 848123148 a multiple of 3988?
False
Does 82 divide 49523572?
True
Is 464130249 a multiple of 784?
False
Is 31 a factor of 165985656?
True
Is 261824341 a multiple of 474?
False
Is 5087232930 a multiple of 65?
True
Is 24650871 a multiple of 161?
True
Is 414 a factor of 270797714?
False
Does 10 divide 4196066531?
False
Is 13 a factor of 6751331?
False
Does 568 divide 266640482?
False
Is 365660754 a multiple of 23?
False
Does 725 divide 51857942?
False
Is 33 a factor of 715801038?
False
Is 2153 a factor of 19174618?
True
Is 232352067 a multiple of 141?
True
Does 1882 divide 1963584159?
False
Is 188 a factor of 53463816?
True
Does 1350 divide 180334350?
True
Is 8747690 a multiple of 170?
True
Does 223 divide 133813068?
False
Is 675085817 a multiple of 7?
True
Does 7 divide 5957599?
False
Is 244 a factor of 2840930740?
False
Is 131 a factor of 70443678?
True
Is 250557844 a multiple of 45?
False
Does 5 divide 212698470?
True
Is 77308317 a multiple of 183?
False
Is 4991415 a multiple of 195?
True
Is 12 a factor of 137285172?
True
Is 4040 a factor of 63646160?
True
Is 527337125 a multiple of 25?
True
Is 22080503 a multiple of 881?
True
Is 44589150 a multiple of 225?
True
Does 135 divide 95710275?
True
Does 142 divide 24497272?
True
Is 2 a factor of 48858940?
True
Does 283 divide 90696015?
False
Does 219 divide 30233467?
False
Is 124952432 a multiple of 57?
False
Is 48778518 a multiple of 3944?
False
Is 6373 a factor of 2626882281?
False
Does 2 divide 67021538?
True
Does 54 divide 295359084?
False
Is 771 a factor of 25392409?
False
Does 5 divide 27296875?
True
Is 884609088 a multiple of 6?
True
Is 77079000 a multiple of 3000?
True
Is 519855 even?
False
Does 136 divide 38974475?
False
Is 85917104 a multiple of 26?
True
Is 3194945 a multiple of 2?
False
Does 6 divide 103599740?
False
Is 20279343 a multiple of 2767?
True
Does 1299 divide 14993058?
True
Does 75 divide 4976772?
False
Is 41275095 a multiple of 453?
True
Is 40 a factor of 62371640?
True
Is 80308776 a multiple of 8?
True
Is 354 a factor of 63968862?
True
Does 1917 divide 648237384?
True
Does 2467 divide 15897348?
True
Is 55426830 a multiple of 7?
False
Is 2 a factor of 13811222?
True
Is 1460234281 a multiple of 253?
True
Is 21022711 a multiple of 77?
False
Is 10 a factor of 43050407?
False
Is 32855666 a multiple of 58?
True
Does 78 divide 2307026670?
True
Does 13 divide 38697698?
True
Is 373028036 a multiple of 99?
False
Does 552 divide 11919888?
True
Is 5 a factor of 765957?
False
Is 5 a factor of 34199749?
False
Does 363 divide 151761066?
False
Does 15 divide 1856867164?
False
Is 77550784 a multiple of 618?
False
Does 9 divide 2628162?
True
Does 47 divide 22819064?
True
Does 60 divide 352850063?
False
Is 20 a factor of 70538780?
True
Is 512030848 a multiple of 19?
True
Does 1090 divide 63696309?
False
Is 1482824200 a multiple of 4103?
True
Is 173 a factor of 264966817?
False
Is 1144192350 a multiple of 9674?
True
Is 40419622 a multiple of 24?
False
Is 9 a factor of 261555246?
True
Does 7 divide 314530681?
False
Is 153 a factor of 89984196?
True
Does 10 divide 340057951?
False
Does 38 divide 333601830?
False
Is 3920269856 a multiple of 185?
False
Is 601 a factor of 64638151?
True
Is 4188455 a multiple of 65?
False
Is 947 a factor of 908337022?
False
Does 379 divide 530682610?
False
Is 1348 a factor of 3585130577?
False
Is 6956281 a multiple of 31?
False
Is 105792778 a multiple of 1393?
True
Does 1849 divide 363925727?
True
Is 759 a factor of 45234882?
True
Is 14 a factor of 800309692?
True
Is 570 a factor of 52311750?
True
Is 2609773 a multiple of 49?
False
Is 4892 a factor of 1732281660?
True
Does 65 divide 211963956?
False
Is 66 a factor of 7397874?
True
Is 89727556 a multiple of 4?
True
Is 1683804920 a multiple of 7016?
True
Does 34 divide 726776452?
True
Is 2144 a factor of 1340000?
True
Is 6 a factor of 608382?
True
Is 39060065 a multiple of 59?
True
Is 12 a factor of 4350803820?
True
Is 3275779 a multiple of 667?
False
Is 595 a factor of 220243393?
False
Does 16 divide 29483744?
True
Does 1060 divide 160015480?
True
Does 4 divide 32264953?
False
Is 1556005040 a multiple of 10?
True
Does 51 divide 3774051?
True
Is 793355309 a multiple of 17?
False
Is 6 a factor of 22232028?
True
Is 72 a factor of 57857068?
False
Is 162922086 even?
True
Does 754 divide 279998666?
False
Is 1089654511 a multiple of 146?
False
Is 29007870 a multiple of 10?
True
Is 11 a factor of 2697620574?
True
Is 27049014 a multiple of 43?
False
Is 37 a factor of 334893956?
True
Is 638 a factor of 113934678?
True
Is 258160011 a multiple of 2201?
False
Is 388990080 a multiple of 80?
True
Does 107 divide 580078?
False
Is 23 a factor of 222673731?
False
Is 843052960 a multiple of 10?
True
Is 151408335 a multiple of 65?
True
Is 286687777 a multiple of 195?
False
Is 660 a factor of 56727000?
True
Does 10 divide 1327937?
False
Does 102 divide 118970250?
True
Does 66 divide 56260446?
True
Does 11 divide 1309080802?
False
Is 7 a factor of 261821217?
True
Does 88 divide 172251728?
True
Is 6143813182 a multiple of 2542?
True
Is 305 a factor of 2896438905?
True
Does 98 divide 31177638?
False
Is 7 a factor of 44007007?
False
Is 41 a factor of 8341409?
True
Is 20 a factor of 406823120?
True
Is 15075895 a multiple of 565?
True
Does 1537 divide 53290864?
True
Is 313314698 a multiple of 28?
False
Is 18 a factor of 19011978?
True
Is 10055415 a multiple of 3522?
False
Is 209 a factor of 948800596?
False
Does 4291 divide 2078479859?
False
Is 22 a factor of 1445346474?
True
Is 2093074786 a multiple of 16?
False
Is 136 a factor of 353631144?
True
Does 674 divide 2949248?
False
Is 19 a factor of 87742095?
True
Is 75 a factor of 22666345?
False
Does 69 divide 403262634?
True
Does 901 divide 27555064?
False
Does 12 divide 30761160?
True
Is 849016511 a multiple of 179?
True
Is 93278387 a multiple of 2361?
False
Is 1437519897 a multiple of 99?
True
Is 22 a factor of 1696521266?
True
Does 14 divide 496356250?
False
Is 47 a factor of 433131132?
True
Is 29766358 a multiple of 9?
False
Is 832224 a multiple of 20?
False
Is 6092487 a multiple of 9?
True
Does 717 divide 48545919?
True
Is 11441407 a multiple of 60?
False
Is 236241079 a multiple of 58?
False
Is 889 a factor of 1073111011?
True
Is 58 a factor of 129347721?
False
Is 2546382 a multiple of 3?
True
Does 5 divide 225228575?
True
Is 502 a factor of 1375480?
True
Is 12